{"id":24,"date":"2016-06-09T14:33:03","date_gmt":"2016-06-09T17:33:03","guid":{"rendered":"http:\/\/docentes.face.ufmg.br\/john-doe\/?page_id=24"},"modified":"2020-06-10T14:55:05","modified_gmt":"2020-06-10T17:55:05","slug":"premios","status":"publish","type":"page","link":"https:\/\/docentes.face.ufmg.br\/ulisses\/premios\/","title":{"rendered":"Pr\u00eamios e T\u00edtulos"},"content":{"rendered":"<div>\n<div class=\"layout-cell layout-cell-3 text-align-right\">\n<div class=\"layout-cell-pad-5 text-align-right\"><b>2020<\/b><\/div>\n<\/div>\n<div class=\"layout-cell layout-cell-9\">\n<div class=\"layout-cell-pad-5\">Patrono da turma de formandos do curso de Rela\u00e7\u00f5es Econ\u00f4micas Internacionais 2019\/2, UFMG.<\/div>\n<\/div>\n<div class=\"layout-cell layout-cell-3 text-align-right\">\n<div class=\"layout-cell-pad-5 text-align-right\"><\/div>\n<\/div>\n<div class=\"layout-cell layout-cell-9\">\n<div class=\"layout-cell-pad-5\">Professor homenageado pela turma de formandos do curso de Ci\u00eancias Econ\u00f4micas 2019\/02, UFMG.<\/div>\n<\/div>\n<\/div>\n<div><\/div>\n<div><b>2019<\/b><\/div>\n<div>\n<div class=\"layout-cell layout-cell-9\">\n<div class=\"layout-cell-pad-5\">Patrono da turma de formandos do curso de Rela\u00e7\u00f5es Econ\u00f4micas Internacionais, UFMG.<\/div>\n<\/div>\n<\/div>\n<div><\/div>\n<div><strong>2018<\/strong><\/div>\n<div>Paraninfo da turma de formandos do curso de Rela\u00e7\u00f5es Econ\u00f4micas Internacionais, UFMG.<\/div>\n<div class=\"layout-cell layout-cell-3 text-align-right\">\n<div><\/div>\n<div class=\"layout-cell-pad-5 text-align-right\"><b>2011<\/b><\/div>\n<\/div>\n<div class=\"layout-cell layout-cell-9\">\n<div class=\"layout-cell-pad-5\" style=\"text-align: left\">1\u00ba Lugar XV Pr\u00eamio BNB de Economia Regional: Categoria disserta\u00e7\u00e3o de mestrado, Banco do Nordeste do Brasil.<\/div>\n<\/div>\n","protected":false},"excerpt":{"rendered":"<p>2020 Patrono da turma de formandos do curso de Rela\u00e7\u00f5es Econ\u00f4micas Internacionais 2019\/2, UFMG. Professor homenageado pela turma de formandos do curso de Ci\u00eancias Econ\u00f4micas 2019\/02, UFMG. 2019 Patrono da turma de formandos do curso de Rela\u00e7\u00f5es Econ\u00f4micas Internacionais, UFMG. 2018 Paraninfo da turma de formandos do curso de Rela\u00e7\u00f5es Econ\u00f4micas Internacionais, UFMG. 2011 1\u00ba &hellip; <a href=\"https:\/\/docentes.face.ufmg.br\/ulisses\/premios\/\" class=\"more-link\">Continuar lendo <span class=\"screen-reader-text\">Pr\u00eamios e T\u00edtulos<\/span><\/a><\/p>\n","protected":false},"author":1,"featured_media":0,"parent":0,"menu_order":0,"comment_status":"closed","ping_status":"closed","template":"","meta":{"_crdt_document":"","_exactmetrics_skip_tracking":false,"_exactmetrics_sitenote_active":false,"_exactmetrics_sitenote_note":"","_exactmetrics_sitenote_category":0,"footnotes":""},"class_list":["post-24","page","type-page","status-publish","hentry"],"_links":{"self":[{"href":"https:\/\/docentes.face.ufmg.br\/ulisses\/wp-json\/wp\/v2\/pages\/24","targetHints":{"allow":["GET"]}}],"collection":[{"href":"https:\/\/docentes.face.ufmg.br\/ulisses\/wp-json\/wp\/v2\/pages"}],"about":[{"href":"https:\/\/docentes.face.ufmg.br\/ulisses\/wp-json\/wp\/v2\/types\/page"}],"author":[{"embeddable":true,"href":"https:\/\/docentes.face.ufmg.br\/ulisses\/wp-json\/wp\/v2\/users\/1"}],"replies":[{"embeddable":true,"href":"https:\/\/docentes.face.ufmg.br\/ulisses\/wp-json\/wp\/v2\/comments?post=24"}],"version-history":[{"count":6,"href":"https:\/\/docentes.face.ufmg.br\/ulisses\/wp-json\/wp\/v2\/pages\/24\/revisions"}],"predecessor-version":[{"id":150,"href":"https:\/\/docentes.face.ufmg.br\/ulisses\/wp-json\/wp\/v2\/pages\/24\/revisions\/150"}],"wp:attachment":[{"href":"https:\/\/docentes.face.ufmg.br\/ulisses\/wp-json\/wp\/v2\/media?parent=24"}],"curies":[{"name":"wp","href":"https:\/\/api.w.org\/{rel}","templated":true}]}}