{"id":11,"date":"2016-06-09T14:21:05","date_gmt":"2016-06-09T17:21:05","guid":{"rendered":"http:\/\/docentes.face.ufmg.br\/john-doe\/?page_id=11"},"modified":"2024-01-11T11:52:23","modified_gmt":"2024-01-11T14:52:23","slug":"formacao","status":"publish","type":"page","link":"https:\/\/docentes.face.ufmg.br\/ulisses\/formacao\/","title":{"rendered":"Forma\u00e7\u00e3o"},"content":{"rendered":"<div class=\"layout-cell layout-cell-3 text-align-right\">\n<div class=\"layout-cell-pad-5 text-align-right\"><strong>2011 &#8211; 2014 \u00a0Doutorado em <a href=\"https:\/\/www.face.ufmg.br\/departamentos\/ciencias-economicas\/o-departamento.html\">Economia<\/a><span class=\"ajaxCAPES\"> (Conceito CAPES 7)<\/span>.\u00a0<\/strong><\/div>\n<\/div>\n<div class=\"layout-cell layout-cell-9\">\n<div class=\"layout-cell-pad-5\">Universidade Federal de Minas Gerais, <a href=\"http:\/\/www.ufmg.br\">UFMG<\/a>, Brasil. <br class=\"clear\" \/>com <b>per\u00edodo <\/b><b>sandu\u00edche <\/b>em Georgia Institute of Technology (Orientador: Susan Cozzens). <br class=\"clear\" \/>T\u00edtulo: <a href=\"http:\/\/www.bibliotecadigital.ufmg.br\/dspace\/handle\/1843\/AMSA-9TMMZX\">A Dimens\u00e3o Espacial do Sistema Nacional de Inova\u00e7\u00e3o e seus Impactos Regionais na Economia Brasileira<\/a><\/div>\n<div class=\"layout-cell-pad-5\">Ano de obten\u00e7\u00e3o: 2014. <br class=\"clear\" \/>Orientador: Eduardo da Motta e Albuquerque. <br class=\"clear\" \/>Bolsista do(a): Conselho Nacional de Desenvolvimento Cient\u00edfico e Tecnol\u00f3gico, CNPq, Brasil.<\/div>\n<\/div>\n<div class=\"layout-cell layout-cell-3 text-align-right\">\n<div class=\"layout-cell-pad-5 text-align-right\"><\/div>\n<div class=\"layout-cell-pad-5 text-align-right\"><strong>2007 &#8211; 2009\u00a0Mestrado em Economia<span class=\"ajaxCAPES\"> (Conceito CAPES 7)<\/span>.\u00a0<\/strong><\/div>\n<\/div>\n<div class=\"layout-cell layout-cell-9\">\n<div class=\"layout-cell-pad-5\">Universidade Federal de Minas Gerais, UFMG, Brasil. <br class=\"clear\" \/>T\u00edtulo: <a href=\"http:\/\/www.bibliotecadigital.ufmg.br\/dspace\/handle\/1843\/AMSA-7XVLWG\">Ambiente Institucional e Inova\u00e7\u00e3o na Siderurgia de Minas Gerais<\/a><\/div>\n<div class=\"layout-cell-pad-5\">Ano de Obten\u00e7\u00e3o: 2009.<br class=\"clear\" \/>Orientador: Cl\u00e9lio Campolina Diniz.<br class=\"clear\" \/>Bolsista do(a): Conselho Nacional de Desenvolvimento Cient\u00edfico e Tecnol\u00f3gico, CNPq, Brasil. <br class=\"clear\" \/>Palavras-chave: Inova\u00e7\u00e3o; Siderurgia; Minas Gerais.<\/div>\n<\/div>\n<div class=\"layout-cell layout-cell-3 text-align-right\">\n<div class=\"layout-cell-pad-5 text-align-right\"><\/div>\n<div class=\"layout-cell-pad-5 text-align-right\"><strong>2002 &#8211; 2006\u00a0Gradua\u00e7\u00e3o em Ci\u00eancias Econ\u00f4micas.\u00a0<\/strong><\/div>\n<\/div>\n<div class=\"layout-cell layout-cell-9\">\n<div class=\"layout-cell-pad-5\">Universidade Federal de Minas Gerais, UFMG, Brasil. <br class=\"clear\" \/>T\u00edtulo: A Evolu\u00e7\u00e3o do Mercado Interno no Brasil: uma an\u00e1lise a partir dos argumentos estruturalistas. <br class=\"clear\" \/>Orientador: Francisco Hor\u00e1cio Pereira de Oliveira. <br class=\"clear\" \/>Bolsista do(a): Secretaria de Educa\u00e7\u00e3o Superior, SESU\/PET, Brasil.<\/div>\n<\/div>\n","protected":false},"excerpt":{"rendered":"<p>2011 &#8211; 2014 \u00a0Doutorado em Economia (Conceito CAPES 7).\u00a0 Universidade Federal de Minas Gerais, UFMG, Brasil. com per\u00edodo sandu\u00edche em Georgia Institute of Technology (Orientador: Susan Cozzens). T\u00edtulo: A Dimens\u00e3o Espacial do Sistema Nacional de Inova\u00e7\u00e3o e seus Impactos Regionais na Economia Brasileira Ano de obten\u00e7\u00e3o: 2014. Orientador: Eduardo da Motta e Albuquerque. Bolsista do(a): &hellip; <a href=\"https:\/\/docentes.face.ufmg.br\/ulisses\/formacao\/\" class=\"more-link\">Continuar lendo <span class=\"screen-reader-text\">Forma\u00e7\u00e3o<\/span><\/a><\/p>\n","protected":false},"author":23,"featured_media":0,"parent":0,"menu_order":0,"comment_status":"closed","ping_status":"closed","template":"","meta":{"_crdt_document":"","_exactmetrics_skip_tracking":false,"_exactmetrics_sitenote_active":false,"_exactmetrics_sitenote_note":"","_exactmetrics_sitenote_category":0,"footnotes":""},"class_list":["post-11","page","type-page","status-publish","hentry"],"_links":{"self":[{"href":"https:\/\/docentes.face.ufmg.br\/ulisses\/wp-json\/wp\/v2\/pages\/11","targetHints":{"allow":["GET"]}}],"collection":[{"href":"https:\/\/docentes.face.ufmg.br\/ulisses\/wp-json\/wp\/v2\/pages"}],"about":[{"href":"https:\/\/docentes.face.ufmg.br\/ulisses\/wp-json\/wp\/v2\/types\/page"}],"author":[{"embeddable":true,"href":"https:\/\/docentes.face.ufmg.br\/ulisses\/wp-json\/wp\/v2\/users\/23"}],"replies":[{"embeddable":true,"href":"https:\/\/docentes.face.ufmg.br\/ulisses\/wp-json\/wp\/v2\/comments?post=11"}],"version-history":[{"count":8,"href":"https:\/\/docentes.face.ufmg.br\/ulisses\/wp-json\/wp\/v2\/pages\/11\/revisions"}],"predecessor-version":[{"id":179,"href":"https:\/\/docentes.face.ufmg.br\/ulisses\/wp-json\/wp\/v2\/pages\/11\/revisions\/179"}],"wp:attachment":[{"href":"https:\/\/docentes.face.ufmg.br\/ulisses\/wp-json\/wp\/v2\/media?parent=11"}],"curies":[{"name":"wp","href":"https:\/\/api.w.org\/{rel}","templated":true}]}}