{"id":145,"date":"2020-07-18T10:19:02","date_gmt":"2020-07-18T13:19:02","guid":{"rendered":"http:\/\/docentes.face.ufmg.br\/suprinyak\/?page_id=145"},"modified":"2020-07-18T11:55:23","modified_gmt":"2020-07-18T14:55:23","slug":"sobre-2","status":"publish","type":"page","link":"https:\/\/docentes.face.ufmg.br\/suprinyak\/","title":{"rendered":"Sobre"},"content":{"rendered":"<p><img loading=\"lazy\" decoding=\"async\" class=\"wp-image-76 size-medium alignright\" src=\"http:\/\/docentes.face.ufmg.br\/suprinyak\/wp-content\/uploads\/sites\/51\/2016\/06\/Profile-2-229x300.png\" alt=\"\" width=\"229\" height=\"300\" srcset=\"https:\/\/docentes.face.ufmg.br\/suprinyak\/wp-content\/uploads\/sites\/51\/2016\/06\/Profile-2-229x300.png 229w, https:\/\/docentes.face.ufmg.br\/suprinyak\/wp-content\/uploads\/sites\/51\/2016\/06\/Profile-2.png 257w\" sizes=\"auto, (max-width: 229px) 100vw, 229px\" \/>Professor Associado do Departamento de Ci\u00eancias Econ\u00f4micas da Universidade Federal de Minas Gerais. Graduado em Ci\u00eancias Econ\u00f4micas pela Universidade Federal do Paran\u00e1 (2003), Mestre em Economia com \u00eanfase em Hist\u00f3ria Econ\u00f4mica pela Unesp (2006) e Doutor em Economia pelo Cedeplar \/ Universidade Federal de Minas Gerais (2010). Desenvolveu parte de sua pesquisa de doutoramento junto ao Goldsmiths College, University of London (2008-09). Foi pesquisador visitante na Universit\u00e9 Lumi\u00e8re Lyon 2 (mar-jul 2017), Fulbright Visiting Scholar na University of Chicago (set-dez 2017), Visiting Research Fellow na Duke University (jan-fev 2018) e pesquisador visitante no Rockefeller Archive Center (jul 2018).<\/p>\n<p>Especialista nas \u00e1reas de hist\u00f3ria do pensamento econ\u00f4mico e metodologia da economia, lecionando tamb\u00e9m disciplinas em sociologia econ\u00f4mica. Entre seus principais interesses de pesquisa encontram-se a hist\u00f3ria da economia pol\u00edtica no in\u00edcio do per\u00edodo moderno, a institucionaliza\u00e7\u00e3o da ci\u00eancia econ\u00f4mica na Am\u00e9rica Latina durante a Guerra Fria, e as rela\u00e7\u00f5es entre economia e pol\u00edtica internacional no per\u00edodo entre-guerras. Em seus trabalhos, busca resgatar de v\u00e1rias maneiras as conex\u00f5es entre economia e pol\u00edtica em meio \u00e0 hist\u00f3ria da reflex\u00e3o te\u00f3rica sobre os problemas socioecon\u00f4micos. Em 2017, recebeu o <em>Craufurd Goodwin Best Article in the History of Economics Prize<\/em>, conferido pela History of Economics Society, pelo artigo &#8220;Trade, Money, and the Grievances of the Commonwealth: economic debates in England during the commercial crisis of the early 1620&#8217;s&#8221; (<em>History of Economic Ideas<\/em>, 2016). Em 2019, recebeu o&nbsp;<em>ESHET Young Researcher Award<\/em>, conferido pela European Society for the History of Economic Thought para pesquisadores com menos de quarenta anos com uma trajet\u00f3ria de destaque na \u00e1rea de hist\u00f3ria do pensamento econ\u00f4mico.<\/p>\n<p>Atualmente \u00e9 co-editor da revista&nbsp;<em>Research in the History of Economic Thought and Methodology<\/em>&nbsp;(0743-4154) e co-apresentador do podcast <em>Smith and Marx Walk Into a Bar<\/em> (http:\/\/hetpodcast.libsyn.com\/).<\/p>\n<p>Outros perfis acad\u00eamicos:<br \/>\n<a href=\"http:\/\/lattes.cnpq.br\/1426766273971324\">Curr\u00edculo Lattes<\/a>, <a href=\"http:\/\/ufmg.academia.edu\/Suprinyak\">Academia<\/a>, <a href=\"https:\/\/scholar.google.com\/citations?user=NzK2rykAAAAJ&amp;hl=pt-BR\">Google Scholar<\/a>, <a href=\"https:\/\/ideas.repec.org\/f\/psu499.html\">RePEc<\/a>, <a href=\"https:\/\/www.researchgate.net\/profile\/Carlos_Suprinyak\">ResearchGate<\/a>, <a href=\"http:\/\/orcid.org\/0000-0003-0360-8217\">Orcid<\/a>.<\/p>\n","protected":false},"excerpt":{"rendered":"<p>Professor Associado do Departamento de Ci\u00eancias Econ\u00f4micas da Universidade Federal de Minas Gerais. Graduado em Ci\u00eancias Econ\u00f4micas pela Universidade Federal do Paran\u00e1 (2003), Mestre em Economia com \u00eanfase em Hist\u00f3ria Econ\u00f4mica pela Unesp (2006) e Doutor em Economia pelo Cedeplar \/ Universidade Federal de Minas Gerais (2010). Desenvolveu parte de sua pesquisa de doutoramento junto &hellip; <a href=\"https:\/\/docentes.face.ufmg.br\/suprinyak\/\" class=\"more-link\">Continuar lendo <span class=\"screen-reader-text\">Sobre<\/span><\/a><\/p>\n","protected":false},"author":40,"featured_media":0,"parent":0,"menu_order":0,"comment_status":"closed","ping_status":"closed","template":"","meta":{"_crdt_document":"","_exactmetrics_skip_tracking":false,"_exactmetrics_sitenote_active":false,"_exactmetrics_sitenote_note":"","_exactmetrics_sitenote_category":0,"footnotes":""},"class_list":["post-145","page","type-page","status-publish","hentry"],"_links":{"self":[{"href":"https:\/\/docentes.face.ufmg.br\/suprinyak\/wp-json\/wp\/v2\/pages\/145","targetHints":{"allow":["GET"]}}],"collection":[{"href":"https:\/\/docentes.face.ufmg.br\/suprinyak\/wp-json\/wp\/v2\/pages"}],"about":[{"href":"https:\/\/docentes.face.ufmg.br\/suprinyak\/wp-json\/wp\/v2\/types\/page"}],"author":[{"embeddable":true,"href":"https:\/\/docentes.face.ufmg.br\/suprinyak\/wp-json\/wp\/v2\/users\/40"}],"replies":[{"embeddable":true,"href":"https:\/\/docentes.face.ufmg.br\/suprinyak\/wp-json\/wp\/v2\/comments?post=145"}],"version-history":[{"count":2,"href":"https:\/\/docentes.face.ufmg.br\/suprinyak\/wp-json\/wp\/v2\/pages\/145\/revisions"}],"predecessor-version":[{"id":149,"href":"https:\/\/docentes.face.ufmg.br\/suprinyak\/wp-json\/wp\/v2\/pages\/145\/revisions\/149"}],"wp:attachment":[{"href":"https:\/\/docentes.face.ufmg.br\/suprinyak\/wp-json\/wp\/v2\/media?parent=145"}],"curies":[{"name":"wp","href":"https:\/\/api.w.org\/{rel}","templated":true}]}}