{"id":21,"date":"2016-06-09T14:31:19","date_gmt":"2016-06-09T17:31:19","guid":{"rendered":"http:\/\/docentes.face.ufmg.br\/john-doe\/?page_id=21"},"modified":"2020-05-13T13:27:55","modified_gmt":"2020-05-13T16:27:55","slug":"area-de-atuacao","status":"publish","type":"page","link":"https:\/\/docentes.face.ufmg.br\/raic\/area-de-atuacao\/","title":{"rendered":"\u00c1rea de atua\u00e7\u00e3o"},"content":{"rendered":"<ol>\n<li>Atua nos diferentes temas de Finan\u00e7as, principalmente em finan\u00e7as corporativas, mercado de capitais e financeiros, modelos econom\u00e9tricos, s\u00e9ries financeiras, modelagem e simula\u00e7\u00e3o computacional.<\/li>\n<li><strong>Grande \u00c1rea<\/strong>: Ci\u00eancias Sociais Aplicadas \/ \u00c1rea: Administra\u00e7\u00e3o \/ Sub\u00e1rea: Administra\u00e7\u00e3o de Empresas \/ Especialidade: Administra\u00e7\u00e3o Financeira.<\/li>\n<\/ol>\n","protected":false},"excerpt":{"rendered":"<p>Atua nos diferentes temas de Finan\u00e7as, principalmente em finan\u00e7as corporativas, mercado de capitais e financeiros, modelos econom\u00e9tricos, s\u00e9ries financeiras, modelagem e simula\u00e7\u00e3o computacional. Grande \u00c1rea: Ci\u00eancias Sociais Aplicadas \/ \u00c1rea: Administra\u00e7\u00e3o \/ Sub\u00e1rea: Administra\u00e7\u00e3o de Empresas \/ Especialidade: Administra\u00e7\u00e3o Financeira.<\/p>\n","protected":false},"author":26,"featured_media":0,"parent":0,"menu_order":0,"comment_status":"closed","ping_status":"closed","template":"","meta":{"_crdt_document":"","_exactmetrics_skip_tracking":false,"_exactmetrics_sitenote_active":false,"_exactmetrics_sitenote_note":"","_exactmetrics_sitenote_category":0,"footnotes":""},"class_list":["post-21","page","type-page","status-publish","hentry"],"_links":{"self":[{"href":"https:\/\/docentes.face.ufmg.br\/raic\/wp-json\/wp\/v2\/pages\/21","targetHints":{"allow":["GET"]}}],"collection":[{"href":"https:\/\/docentes.face.ufmg.br\/raic\/wp-json\/wp\/v2\/pages"}],"about":[{"href":"https:\/\/docentes.face.ufmg.br\/raic\/wp-json\/wp\/v2\/types\/page"}],"author":[{"embeddable":true,"href":"https:\/\/docentes.face.ufmg.br\/raic\/wp-json\/wp\/v2\/users\/26"}],"replies":[{"embeddable":true,"href":"https:\/\/docentes.face.ufmg.br\/raic\/wp-json\/wp\/v2\/comments?post=21"}],"version-history":[{"count":3,"href":"https:\/\/docentes.face.ufmg.br\/raic\/wp-json\/wp\/v2\/pages\/21\/revisions"}],"predecessor-version":[{"id":82,"href":"https:\/\/docentes.face.ufmg.br\/raic\/wp-json\/wp\/v2\/pages\/21\/revisions\/82"}],"wp:attachment":[{"href":"https:\/\/docentes.face.ufmg.br\/raic\/wp-json\/wp\/v2\/media?parent=21"}],"curies":[{"name":"wp","href":"https:\/\/api.w.org\/{rel}","templated":true}]}}

Área de atuação

<ol>
<li>Atua nos diferentes temas de Finanças, principalmente em finanças corporativas, mercado de capitais e financeiros, modelos econométricos, séries financeiras, modelagem e simulação computacional.</li>
<li><strong>Grande Área</strong>: Ciências Sociais Aplicadas / Área: Administração / Subárea: Administração de Empresas / Especialidade: Administração Financeira.</li>
</ol>

<p>Atua nos diferentes temas de Finanças, principalmente em finanças corporativas, mercado de capitais e financeiros, modelos econométricos, séries financeiras, modelagem e simulação computacional. Grande Área: Ciências Sociais Aplicadas / Área: Administração / Subárea: Administração de Empresas / Especialidade: Administração Financeira.</p>
