{"id":28,"date":"2016-06-09T14:40:27","date_gmt":"2016-06-09T17:40:27","guid":{"rendered":"http:\/\/docentes.face.ufmg.br\/john-doe\/?page_id=28"},"modified":"2025-05-05T18:16:27","modified_gmt":"2025-05-05T21:16:27","slug":"producao-bibliografica","status":"publish","type":"page","link":"https:\/\/docentes.face.ufmg.br\/quelzanatta\/producao-bibliografica\/","title":{"rendered":"Pesquisas com coletas de dados em andamento"},"content":{"rendered":"\n<p class=\"wp-block-paragraph\"><strong>Sa\u00fade Sexual e Reprodutiva, G\u00eanero e Conjugalidade em Minas Gerais em tempos de COVID-19<\/strong><br>\u00d3rg\u00e3o Financiador: Universal CNPq\/MCTI\/FNDCT No 18\/2021 &#8211; Faixa A &#8211; Grupos Emergentes; Bolsa de Produtividade em Pesquisa CNPq.<\/p>\n\n\n\n<p class=\"wp-block-paragraph\">O projeto tem como objetivo investigar, na perspectiva das rela\u00e7\u00f5es de g\u00eanero, os efeitos da pandemia de Covid-19 na sa\u00fade sexual e reprodutiva (acesso a servi\u00e7os de sa\u00fade), no comportamento e inten\u00e7\u00f5es reprodutivas (decis\u00e3o sobre o n\u00famero desejado de filhos, se e quando t\u00ea-los e espa\u00e7amento entre as gesta\u00e7\u00f5es) e na conjugalidade e rela\u00e7\u00f5es afetivas e sexuais de mulheres de tr\u00eas coortes (15-24, 35-44 e 60-69 anos) em tr\u00eas macrorregi\u00f5es de Minas Gerais, estado s\u00edntese do Brasil, onde h\u00e1 significativas desigualdades regionais. Em cada munic\u00edpio\/macrorregi\u00e3o, ser\u00e3o entrevistadas 24 mulheres, totalizando 72 entrevistas semi-estruturadas.&nbsp;<\/p>\n\n\n\n<p class=\"wp-block-paragraph\">Acesse <a href=\"https:\/\/docentes.face.ufmg.br\/quelzanatta\/saude-sexual-e-reprodutiva-genero-e-conjugalidade-em-minas-gerais-em-tempos-de-covid-19\/\">aqui<\/a> o site da pesquisa.<\/p>\n\n\n\n<p class=\"wp-block-paragraph\"><\/p>\n\n\n\n<p class=\"wp-block-paragraph\"><strong>Decodificando a Zika e a Covid-19 (DECODE)<\/strong><\/p>\n\n\n\n<p class=\"wp-block-paragraph\">O projeto \u201cSa\u00fade da Mulher em \u00c9poca de Zika e Coronav\u00edrus (COVID-19)\u201d tem como objetivo entender como as mulheres brasileiras lidam com a sua sa\u00fade reprodutiva e fecundidade durante crises de sa\u00fade p\u00fablica, como a epidemia de Zika e a atual pandemia de Covid-19. Como essas crises afetam os desejos e as inten\u00e7\u00f5es relacionados \u00e0 gravidez e sa\u00fade reprodutiva?<\/p>\n\n\n\n<p class=\"wp-block-paragraph\">O estudo \u00e9 coordenado pela Universidade da Pennsylvania, nos Estados Unidos, e conta com a participa\u00e7\u00e3o da Universidade Federal de Pernambuco (UFPE) e da Universidade Federal de Minas Gerais (UFMG).<\/p>\n\n\n\n<p class=\"wp-block-paragraph\">Acesse <a href=\"https:\/\/web.sas.upenn.edu\/dzc-en\/\">aqui<\/a> o site da pesquisa.<\/p>\n\n\n\n<p class=\"wp-block-paragraph\"><\/p>\n\n\n\n<p class=\"wp-block-paragraph\"><strong>Pesquisa sobre Gesta\u00e7\u00e3o e Parto <\/strong><\/p>\n\n\n\n<p class=\"wp-block-paragraph\">A Pesquisa sobre Gesta\u00e7\u00e3o e Parto \u00e9 oriunda do projeto <em>E depois do Near Miss Materno?: uma an\u00e1lise do comportamento sexual e reprodutivo, ap\u00f3s experimenta\u00e7\u00e3o do evento, na Regi\u00e3o Metropolitana de Belo Horizonte, entre 2015 e 2019<\/em>, conduzido pela doutoranda Michelle Elaine Siqueira Ferreira (Programa de P\u00f3s-Gradua\u00e7\u00e3o).<\/p>\n\n\n\n<p class=\"wp-block-paragraph\">O objetivo da pesquisa \u00e9 investigar os efeitos da experimenta\u00e7\u00e3o de eventos obst\u00e9tricos adversos graves &#8211; parto, aborto ou perda fetal &#8211; sobre a sa\u00fade materna, sexual e reprodutiva de residentes da Regi\u00e3o Metropolitana de Belo Horizonte.<\/p>\n\n\n\n<p class=\"wp-block-paragraph\">Acesse <a href=\"https:\/\/docentes.face.ufmg.br\/quelzanatta\/post.php?post=228&amp;action=edit\">aqui <\/a>o site da pesquisa.<\/p>\n\n\n\n<p class=\"wp-block-paragraph\"><\/p>\n","protected":false},"excerpt":{"rendered":"<p>Sa\u00fade Sexual e Reprodutiva, G\u00eanero e Conjugalidade em Minas Gerais em tempos de COVID-19\u00d3rg\u00e3o Financiador: Universal CNPq\/MCTI\/FNDCT No 18\/2021 &#8211; Faixa A &#8211; Grupos Emergentes; Bolsa de Produtividade em Pesquisa CNPq. O projeto tem como objetivo investigar, na perspectiva das rela\u00e7\u00f5es de g\u00eanero, os efeitos da pandemia de Covid-19 na sa\u00fade sexual e reprodutiva (acesso &hellip; <a href=\"https:\/\/docentes.face.ufmg.br\/quelzanatta\/producao-bibliografica\/\" class=\"more-link\">Continuar lendo <span class=\"screen-reader-text\">Pesquisas com coletas de dados em andamento<\/span><\/a><\/p>\n","protected":false},"author":1,"featured_media":0,"parent":0,"menu_order":0,"comment_status":"closed","ping_status":"closed","template":"","meta":{"_crdt_document":"","_exactmetrics_skip_tracking":false,"_exactmetrics_sitenote_active":false,"_exactmetrics_sitenote_note":"","_exactmetrics_sitenote_category":0,"footnotes":""},"class_list":["post-28","page","type-page","status-publish","hentry"],"_links":{"self":[{"href":"https:\/\/docentes.face.ufmg.br\/quelzanatta\/wp-json\/wp\/v2\/pages\/28","targetHints":{"allow":["GET"]}}],"collection":[{"href":"https:\/\/docentes.face.ufmg.br\/quelzanatta\/wp-json\/wp\/v2\/pages"}],"about":[{"href":"https:\/\/docentes.face.ufmg.br\/quelzanatta\/wp-json\/wp\/v2\/types\/page"}],"author":[{"embeddable":true,"href":"https:\/\/docentes.face.ufmg.br\/quelzanatta\/wp-json\/wp\/v2\/users\/1"}],"replies":[{"embeddable":true,"href":"https:\/\/docentes.face.ufmg.br\/quelzanatta\/wp-json\/wp\/v2\/comments?post=28"}],"version-history":[{"count":17,"href":"https:\/\/docentes.face.ufmg.br\/quelzanatta\/wp-json\/wp\/v2\/pages\/28\/revisions"}],"predecessor-version":[{"id":239,"href":"https:\/\/docentes.face.ufmg.br\/quelzanatta\/wp-json\/wp\/v2\/pages\/28\/revisions\/239"}],"wp:attachment":[{"href":"https:\/\/docentes.face.ufmg.br\/quelzanatta\/wp-json\/wp\/v2\/media?parent=28"}],"curies":[{"name":"wp","href":"https:\/\/api.w.org\/{rel}","templated":true}]}}

<p class="wp-block-paragraph"><strong>Saúde Sexual e Reprodutiva, Gênero e Conjugalidade em Minas Gerais em tempos de COVID-19</strong><br>Órgão Financiador: Universal CNPq/MCTI/FNDCT No 18/2021 &#8211; Faixa A &#8211; Grupos Emergentes; Bolsa de Produtividade em Pesquisa CNPq.</p>



<p class="wp-block-paragraph">O projeto tem como objetivo investigar, na perspectiva das relações de gênero, os efeitos da pandemia de Covid-19 na saúde sexual e reprodutiva (acesso a serviços de saúde), no comportamento e intenções reprodutivas (decisão sobre o número desejado de filhos, se e quando tê-los e espaçamento entre as gestações) e na conjugalidade e relações afetivas e sexuais de mulheres de três coortes (15-24, 35-44 e 60-69 anos) em três macrorregiões de Minas Gerais, estado síntese do Brasil, onde há significativas desigualdades regionais. Em cada município/macrorregião, serão entrevistadas 24 mulheres, totalizando 72 entrevistas semi-estruturadas.&nbsp;</p>



<p class="wp-block-paragraph">Acesse <a href="https://docentes.face.ufmg.br/quelzanatta/saude-sexual-e-reprodutiva-genero-e-conjugalidade-em-minas-gerais-em-tempos-de-covid-19/">aqui</a> o site da pesquisa.</p>



<p class="wp-block-paragraph"></p>



<p class="wp-block-paragraph"><strong>Decodificando a Zika e a Covid-19 (DECODE)</strong></p>



<p class="wp-block-paragraph">O projeto “Saúde da Mulher em Época de Zika e Coronavírus (COVID-19)” tem como objetivo entender como as mulheres brasileiras lidam com a sua saúde reprodutiva e fecundidade durante crises de saúde pública, como a epidemia de Zika e a atual pandemia de Covid-19. Como essas crises afetam os desejos e as intenções relacionados à gravidez e saúde reprodutiva?</p>



<p class="wp-block-paragraph">O estudo é coordenado pela Universidade da Pennsylvania, nos Estados Unidos, e conta com a participação da Universidade Federal de Pernambuco (UFPE) e da Universidade Federal de Minas Gerais (UFMG).</p>



<p class="wp-block-paragraph">Acesse <a href="https://web.sas.upenn.edu/dzc-en/">aqui</a> o site da pesquisa.</p>



<p class="wp-block-paragraph"></p>



<p class="wp-block-paragraph"><strong>Pesquisa sobre Gestação e Parto </strong></p>



<p class="wp-block-paragraph">A Pesquisa sobre Gestação e Parto é oriunda do projeto <em>E depois do Near Miss Materno?: uma análise do comportamento sexual e reprodutivo, após experimentação do evento, na Região Metropolitana de Belo Horizonte, entre 2015 e 2019</em>, conduzido pela doutoranda Michelle Elaine Siqueira Ferreira (Programa de Pós-Graduação).</p>



<p class="wp-block-paragraph">O objetivo da pesquisa é investigar os efeitos da experimentação de eventos obstétricos adversos graves &#8211; parto, aborto ou perda fetal &#8211; sobre a saúde materna, sexual e reprodutiva de residentes da Região Metropolitana de Belo Horizonte.</p>



<p class="wp-block-paragraph">Acesse <a href="https://docentes.face.ufmg.br/quelzanatta/post.php?post=228&amp;action=edit">aqui </a>o site da pesquisa.</p>



<p class="wp-block-paragraph"></p>

<p>Saúde Sexual e Reprodutiva, Gênero e Conjugalidade em Minas Gerais em tempos de COVID-19Órgão Financiador: Universal CNPq/MCTI/FNDCT No 18/2021 &#8211; Faixa A &#8211; Grupos Emergentes; Bolsa de Produtividade em Pesquisa CNPq. O projeto tem como objetivo investigar, na perspectiva das relações de gênero, os efeitos da pandemia de Covid-19 na saúde sexual e reprodutiva (acesso &hellip; <a href="https://docentes.face.ufmg.br/quelzanatta/producao-bibliografica/" class="more-link">Continuar lendo <span class="screen-reader-text">Pesquisas com coletas de dados em andamento</span></a></p>
