{"id":228,"date":"2025-05-05T17:19:23","date_gmt":"2025-05-05T20:19:23","guid":{"rendered":"https:\/\/docentes.face.ufmg.br\/quelzanatta\/?page_id=228"},"modified":"2025-05-05T18:10:29","modified_gmt":"2025-05-05T21:10:29","slug":"pesquisa-sobre-gestacao-e-parto","status":"publish","type":"page","link":"https:\/\/docentes.face.ufmg.br\/quelzanatta\/pesquisa-sobre-gestacao-e-parto\/","title":{"rendered":"Pesquisa sobre Gesta\u00e7\u00e3o e Parto"},"content":{"rendered":"\n<p class=\"wp-block-paragraph\">Os objetivos da pesquisa s\u00e3o:<\/p>\n\n\n\n<p class=\"wp-block-paragraph\">1\u00ba Analisar a associa\u00e7\u00e3o entre caracter\u00edsticas da assist\u00eancia obst\u00e9trica, oferta de planejamento reprodutivo e ocorr\u00eancia de desfechos adversos graves no ciclo grav\u00eddico-puerperal, segundo perfil sociodemogr\u00e1fico.<\/p>\n\n\n\n<p class=\"wp-block-paragraph\">2\u00ba Investigar, para o per\u00edodo de 2015 a 2025, com residentes na regi\u00e3o metropolitana de Belo Horizonte- MG, os efeitos da experimenta\u00e7\u00e3o de eventos maternos adversos graves sobre o comportamento sexual e reprodutivo, buscando compreender \u201cse\u201d e \u201ccomo\u201d suas trajet\u00f3rias reprodutivas foram interrompidas ou modificadas.<\/p>\n\n\n\n<p class=\"wp-block-paragraph\">O question\u00e1rio \u00e9 an\u00f4nimo e auto-aplicado.<\/p>\n\n\n\n<p class=\"wp-block-paragraph\">Clique <a href=\"https:\/\/saudematerna.limesurvey.net\/931165?lang=pt-BR\">aqui<\/a> para acessar o question\u00e1rio da pesquisa.<\/p>\n\n\n\n<p class=\"wp-block-paragraph\">Lembramos que a pesquisa recebeu parecer positivo do Comit\u00ea de \u00c9tica em Pesquisa da UFMG (CEP\/UFMG). O n\u00famero de registro dela no CEP \u00e9 CAAE 78722224.3.0000.5149.<\/p>\n\n\n\n<p class=\"wp-block-paragraph\">Caso tenha alguma d\u00favida \u00e9tica sobre a condu\u00e7\u00e3o da pesquisa, entre em contato com a gente pelo e-mail&nbsp;<strong>saudereprodutiva.ufmg@gmail.com<\/strong>&nbsp;ou pelo telefone e&nbsp;<strong>Whatsapp (31) 99805-6962<\/strong>. Voc\u00ea tamb\u00e9m pode entrar em contato com CEP\/UFMG pelo telefone (31) 3409-4592 ou e-mail: coep@prpq.ufmg.br. N\u00e3o se esque\u00e7a de informar o nome da Pesquisadora Raquel Zanatta Coutinho, que coordena a pesquisa.<\/p>\n\n\n\n<p class=\"wp-block-paragraph\"><\/p>\n","protected":false},"excerpt":{"rendered":"<p>Os objetivos da pesquisa s\u00e3o: 1\u00ba Analisar a associa\u00e7\u00e3o entre caracter\u00edsticas da assist\u00eancia obst\u00e9trica, oferta de planejamento reprodutivo e ocorr\u00eancia de desfechos adversos graves no ciclo grav\u00eddico-puerperal, segundo perfil sociodemogr\u00e1fico. 2\u00ba Investigar, para o per\u00edodo de 2015 a 2025, com residentes na regi\u00e3o metropolitana de Belo Horizonte- MG, os efeitos da experimenta\u00e7\u00e3o de eventos maternos &hellip; <a href=\"https:\/\/docentes.face.ufmg.br\/quelzanatta\/pesquisa-sobre-gestacao-e-parto\/\" class=\"more-link\">Continuar lendo <span class=\"screen-reader-text\">Pesquisa sobre Gesta\u00e7\u00e3o e Parto<\/span><\/a><\/p>\n","protected":false},"author":61,"featured_media":0,"parent":0,"menu_order":0,"comment_status":"closed","ping_status":"closed","template":"","meta":{"_crdt_document":"","_exactmetrics_skip_tracking":false,"_exactmetrics_sitenote_active":false,"_exactmetrics_sitenote_note":"","_exactmetrics_sitenote_category":0,"footnotes":""},"class_list":["post-228","page","type-page","status-publish","hentry"],"_links":{"self":[{"href":"https:\/\/docentes.face.ufmg.br\/quelzanatta\/wp-json\/wp\/v2\/pages\/228","targetHints":{"allow":["GET"]}}],"collection":[{"href":"https:\/\/docentes.face.ufmg.br\/quelzanatta\/wp-json\/wp\/v2\/pages"}],"about":[{"href":"https:\/\/docentes.face.ufmg.br\/quelzanatta\/wp-json\/wp\/v2\/types\/page"}],"author":[{"embeddable":true,"href":"https:\/\/docentes.face.ufmg.br\/quelzanatta\/wp-json\/wp\/v2\/users\/61"}],"replies":[{"embeddable":true,"href":"https:\/\/docentes.face.ufmg.br\/quelzanatta\/wp-json\/wp\/v2\/comments?post=228"}],"version-history":[{"count":4,"href":"https:\/\/docentes.face.ufmg.br\/quelzanatta\/wp-json\/wp\/v2\/pages\/228\/revisions"}],"predecessor-version":[{"id":237,"href":"https:\/\/docentes.face.ufmg.br\/quelzanatta\/wp-json\/wp\/v2\/pages\/228\/revisions\/237"}],"wp:attachment":[{"href":"https:\/\/docentes.face.ufmg.br\/quelzanatta\/wp-json\/wp\/v2\/media?parent=228"}],"curies":[{"name":"wp","href":"https:\/\/api.w.org\/{rel}","templated":true}]}}

Pesquisa sobre Gestação e Parto

<p class="wp-block-paragraph">Os objetivos da pesquisa são:</p>



<p class="wp-block-paragraph">1º Analisar a associação entre características da assistência obstétrica, oferta de planejamento reprodutivo e ocorrência de desfechos adversos graves no ciclo gravídico-puerperal, segundo perfil sociodemográfico.</p>



<p class="wp-block-paragraph">2º Investigar, para o período de 2015 a 2025, com residentes na região metropolitana de Belo Horizonte- MG, os efeitos da experimentação de eventos maternos adversos graves sobre o comportamento sexual e reprodutivo, buscando compreender “se” e “como” suas trajetórias reprodutivas foram interrompidas ou modificadas.</p>



<p class="wp-block-paragraph">O questionário é anônimo e auto-aplicado.</p>



<p class="wp-block-paragraph">Clique <a href="https://saudematerna.limesurvey.net/931165?lang=pt-BR">aqui</a> para acessar o questionário da pesquisa.</p>



<p class="wp-block-paragraph">Lembramos que a pesquisa recebeu parecer positivo do Comitê de Ética em Pesquisa da UFMG (CEP/UFMG). O número de registro dela no CEP é CAAE 78722224.3.0000.5149.</p>



<p class="wp-block-paragraph">Caso tenha alguma dúvida ética sobre a condução da pesquisa, entre em contato com a gente pelo e-mail&nbsp;<strong>saudereprodutiva.ufmg@gmail.com</strong>&nbsp;ou pelo telefone e&nbsp;<strong>Whatsapp (31) 99805-6962</strong>. Você também pode entrar em contato com CEP/UFMG pelo telefone (31) 3409-4592 ou e-mail: coep@prpq.ufmg.br. Não se esqueça de informar o nome da Pesquisadora Raquel Zanatta Coutinho, que coordena a pesquisa.</p>



<p class="wp-block-paragraph"></p>

<p>Os objetivos da pesquisa são: 1º Analisar a associação entre características da assistência obstétrica, oferta de planejamento reprodutivo e ocorrência de desfechos adversos graves no ciclo gravídico-puerperal, segundo perfil sociodemográfico. 2º Investigar, para o período de 2015 a 2025, com residentes na região metropolitana de Belo Horizonte- MG, os efeitos da experimentação de eventos maternos &hellip; <a href="https://docentes.face.ufmg.br/quelzanatta/pesquisa-sobre-gestacao-e-parto/" class="more-link">Continuar lendo <span class="screen-reader-text">Pesquisa sobre Gestação e Parto</span></a></p>
