{"id":82,"date":"2017-01-16T16:28:11","date_gmt":"2017-01-16T18:28:11","guid":{"rendered":"http:\/\/docentes.face.ufmg.br\/lanza\/?page_id=82"},"modified":"2025-10-04T12:57:38","modified_gmt":"2025-10-04T15:57:38","slug":"research-projects","status":"publish","type":"page","link":"https:\/\/docentes.face.ufmg.br\/lanza\/research-projects\/","title":{"rendered":"Research Projects"},"content":{"rendered":"<div><strong>Current Projects<\/strong><\/div>\n<div><\/div>\n<div>I) 2023 &#8211; current<\/div>\n<div><\/div>\n<div>a) Ageing Preparedeness in a Age of Economic and Social Change<\/div>\n<div>collaboration with Vegard Skirbekk &#8211; University of Oslo and Centre for Fertility and Health<\/div>\n<div><\/div>\n<div>b) Men\u00b4\u00b4\u00b4\u00b4&#8217;s Health in Middle and Low Income Countries<\/div>\n<div>collaboration with Vegard Skirbekk &#8211; University of Oslo and Centre for Fertility and Health<\/div>\n<div><\/div>\n<div>II) 2021 &#8211; current<\/div>\n<div>Impactos diretos e indiretos da pandemia por COVID-19 sobre a mortalidade e expectativa de vida em popula\u00e7\u00f5es subnacionais no Brasil e M\u00e9xico<\/div>\n<div>Funded by CNPQ<\/div>\n<div><\/div>\n<div>III) 2016 &#8211; current<\/div>\n<div>Population Aging and the Labor Force in Developing Countries<\/div>\n<div>Funded by CNPq<\/div>\n<div><\/div>\n<div>\n<hr \/>\n<p>IV) 2010 &#8211; current<br \/>\nLatin American Human Mortality Database<br \/>\nwith Piedad Urdinola &#8211; funded by PAA and Fapemig<br \/>\n<a href=\"http:\/\/lamortalidad.org\/\" target=\"_blank\" rel=\"nofollow noopener\">Site for Database\u00a0<\/a><\/div>\n<hr \/>\n<div>\n<\/div>\n<div>\n<hr \/>\n<p><strong>Past projects<\/strong><\/p>\n<\/div>\n<div>I) 2020 &#8211; 2022<\/div>\n<div>An\u00e1lise da Mortalidade Materna no Brasil, com foco na revis\u00e3o do m\u00e9todo de estima\u00e7\u00e3o da raz\u00e3o de mortalidade materna e modelos preditivos at\u00e9 2030<\/div>\n<div>Funded by the Brazilian Ministry of Health<\/div>\n<div><\/div>\n<div>II) 2014 &#8211; 2016<\/div>\n<div>Demographic change and the labor market<\/div>\n<div>with Ernesto Amaral, Andre Golgher and Jeronimo Muniz &#8211; funded by CNPq and Fapemig<\/div>\n<div><\/div>\n<div><\/div>\n<div><i>III) <\/i>2004 &#8211; 2012<br \/>\n<a href=\"http:\/\/www.ntaccounts.org\/\" rel=\"nofollow\"> Macroeconomic Demography of Intergenerational Transfers<\/a>, University of California, Berkeley and East-West Center\u00a0\u00a0\u00a0\u00a0\u00a0\u00a0\u00a0\u00a0 \u00a0 (funded by NIH-NIA)<br \/>\nPIs: Ronald Lee and Andrew Mason<\/div>\n<dl>\n<dd><\/dd>\n<dd><i>IV) <\/i>2007 &#8211; 2012<br \/>\n<a href=\"http:\/\/www.eclac.cl\/cgi-bin\/getprod.asp?xml=\/celade\/noticias\/paginas\/5\/32885\/P32885.xml&amp;xsl=\/celade\/tpl\/p18f.xsl&amp;base=\/celade\/tpl\/top-bottom_nta.xsl\" rel=\"nofollow\"> Intergenerational Transfers, Population Aging and Social Protection in Latin America <\/a>,<br \/>\nCELADE\/CEDEPLAR (funded by IDRC) &#8211; <a href=\"http:\/\/sites.google.com\/site\/ntabrazil\/\" target=\"_blank\" rel=\"nofollow noopener\">Site for the NTA Project in Brazil<\/a><\/dd>\n<\/dl>\n<p>V) 2010- 2013<br \/>\nLabor Force Participation and Retirement Behavior in Latin America<br \/>\nDepartment of Demography &#8211; Cedeplar &#8211; Funded by CNPq<\/p>\n<p>VI) 2011- 2013<\/p>\n<p>Vulnerabilidade a Adapta\u00e7\u00e3o \u00e0s Mudan\u00e7as Clim\u00e1ticas: uma avalia\u00e7\u00e3o integrada para Minas Gerais.<\/p>\n<p>Cedeplar-UFMG &#8211;\u00a0 Funded by Funda\u00e7\u00e3o de Amparo \u00e0 Pesquisa do Estado de Minas Gerais (Fapemig)<\/p>\n<p>VII) 2012 &#8211; 2013<br \/>\nElabora\u00e7\u00e3o de uma Pesquisa Domiciliar e Avalia\u00e7\u00e3o do Programa de Prote\u00e7\u00e3o Social no Iemen<br \/>\nUnicef-Yemen, International Policy Centre for Inclusive Growth (IPC-IG) e Cedeplar\/UFMG<\/p>\n<p>VIII) 2009-2011<br \/>\nStudy Group and Training Workshop in Latin America Mortality. Technical and Substantive Approaches<br \/>\nDepartment of Demography &#8211; Cedeplar &#8211; Funded by the Population Association of America (PAA)<\/p>\n<p>IX) 2008-2010<br \/>\nA Concentra\u00e7\u00e3o de M\u00e3o-de-Obra Qualificada e os Efeitos da Migra\u00e7\u00e3o nos Mercados de Trabalho Locais no Brasil<br \/>\nDepartament of Demography &#8211; CEDEPLAR (funded by the University of Minas Gerais &#8211; start-up grant)<\/p>\n<dl>\n<dd>\u00a0X) 2<i>006-2008 <\/i><br \/>\nClimate Change, Migration and Public Health \/ Security<br \/>\nCEDEPLAR (funded by the Global Opportunity Fund)<\/dd>\n<\/dl>\n<dl>\n<dd><i>\u00a0XI) 2001-2005 <\/i><br \/>\nMeasurement of Adult Mortality in the Developing World<br \/>\nUniversity of California at Berkeley and Johns Hopkins University (funded by the NIA)<br \/>\nPIs: Kenneth Hill and John Wilmoth<\/dd>\n<\/dl>\n<p>XII) 2011 &#8211; current<br \/>\nEstimating Level and Structure of Mortality in Small Areas: Counterfactual Approaches<br \/>\nDepartment of Demography &#8211; Cedeplar &#8211; Funded by CNPq<br \/>\nwith Flavio Freire &#8211; UFRN, Diana Sawyer &#8211; IPC-IG, and Everton Lima &#8211; UFMG<\/p>\n","protected":false},"excerpt":{"rendered":"<p>Current Projects I) 2023 &#8211; current a) Ageing Preparedeness in a Age of Economic and Social Change collaboration with Vegard Skirbekk &#8211; University of Oslo and Centre for Fertility and Health b) Men\u00b4\u00b4\u00b4\u00b4&#8217;s Health in Middle and Low Income Countries collaboration with Vegard Skirbekk &#8211; University of Oslo and Centre for Fertility and Health II) &hellip; <a href=\"https:\/\/docentes.face.ufmg.br\/lanza\/research-projects\/\" class=\"more-link\">Continuar lendo <span class=\"screen-reader-text\">Research Projects<\/span><\/a><\/p>\n","protected":false},"author":20,"featured_media":0,"parent":0,"menu_order":0,"comment_status":"closed","ping_status":"closed","template":"","meta":{"_crdt_document":"","_exactmetrics_skip_tracking":false,"_exactmetrics_sitenote_active":false,"_exactmetrics_sitenote_note":"","_exactmetrics_sitenote_category":0,"footnotes":""},"class_list":["post-82","page","type-page","status-publish","hentry"],"_links":{"self":[{"href":"https:\/\/docentes.face.ufmg.br\/lanza\/wp-json\/wp\/v2\/pages\/82","targetHints":{"allow":["GET"]}}],"collection":[{"href":"https:\/\/docentes.face.ufmg.br\/lanza\/wp-json\/wp\/v2\/pages"}],"about":[{"href":"https:\/\/docentes.face.ufmg.br\/lanza\/wp-json\/wp\/v2\/types\/page"}],"author":[{"embeddable":true,"href":"https:\/\/docentes.face.ufmg.br\/lanza\/wp-json\/wp\/v2\/users\/20"}],"replies":[{"embeddable":true,"href":"https:\/\/docentes.face.ufmg.br\/lanza\/wp-json\/wp\/v2\/comments?post=82"}],"version-history":[{"count":5,"href":"https:\/\/docentes.face.ufmg.br\/lanza\/wp-json\/wp\/v2\/pages\/82\/revisions"}],"predecessor-version":[{"id":386,"href":"https:\/\/docentes.face.ufmg.br\/lanza\/wp-json\/wp\/v2\/pages\/82\/revisions\/386"}],"wp:attachment":[{"href":"https:\/\/docentes.face.ufmg.br\/lanza\/wp-json\/wp\/v2\/media?parent=82"}],"curies":[{"name":"wp","href":"https:\/\/api.w.org\/{rel}","templated":true}]}}