{"id":169,"date":"2020-05-14T08:10:06","date_gmt":"2020-05-14T11:10:06","guid":{"rendered":"http:\/\/docentes.face.ufmg.br\/jpromero\/?page_id=169"},"modified":"2021-07-16T10:50:29","modified_gmt":"2021-07-16T13:50:29","slug":"inicio","status":"publish","type":"page","link":"https:\/\/docentes.face.ufmg.br\/jpromero\/pt\/inicio\/","title":{"rendered":"In\u00edcio"},"content":{"rendered":"<p>Professor Associado do Departamento de Economia da UFMG e do Centro de Desenvolvimento e Planejamento Regional (<a href=\"https:\/\/cedeplar.ufmg.br\/\" target=\"_blank\" rel=\"noopener\">Cedeplar<\/a>). Ele tamb\u00e9m \u00e9 membro associado do <a href=\"https:\/\/www.landecon.cam.ac.uk\/research\/real-estate-and-urban-analysis\/centres\/ccepp\" target=\"_blank\" rel=\"noopener\">Centro de Cambridge para Pol\u00edticas P\u00fablicas e Econ\u00f4micas<\/a> (CCEPP), coordenador do <a href=\"https:\/\/pesquisas.face.ufmg.br\/gppd\/\" target=\"_blank\" rel=\"noopener\">Grupo de Pesquisa em Pol\u00edticas P\u00fablicas e Desenvolvimento<\/a> (GPPD) e Editor assistente da <a href=\"https:\/\/revistas.face.ufmg.br\/index.php\/novaeconomia\/\" target=\"_blank\" rel=\"noopener\">Nova Economia<\/a>.<\/p>\n<p>Ele possui\u00a0 Ph.D. em economia aplicada pela Universidade de Cambridge, mestrado em economia pela UFMG e gradua\u00e7\u00e3o em ci\u00eancias econ\u00f4micas pela UFMG.<\/p>\n<p>Sua tese de doutorado ganhou o <a href=\"https:\/\/www.eximbankindia.in\/awards\" target=\"_blank\" rel=\"noopener\">BRICS Economic Research Award em 2016<\/a>, patrocinado pelo Exim Bank of India. Foi tamb\u00e9m duas vezes vencedor do Pr\u00eamio CNI de Economia nas categorias: <a href=\"http:\/\/www.anpec.org.br\/revista\/vol11\/vol11n1p217_263.pdf\" target=\"_blank\" rel=\"noopener\">Intermedia\u00e7\u00e3o Financeira e Crescimento Industrial em 200<\/a>9 e Ind\u00fastria Brasileira em 2015.<\/p>\n<p>Ele tem publica\u00e7\u00f5es nas \u00e1reas de crescimento econ\u00f4mico, complexidade econ\u00f4mica, desenvolvimento econ\u00f4mico, economia aplicada, com\u00e9rcio internacional, mudan\u00e7a estrutural, produtividade e inova\u00e7\u00e3o.<\/p>\n<p style=\"text-align: center\" align=\"center\"><a href=\"http:\/\/lattes.cnpq.br\/3753946953125246\">Lattes<\/a> | <a href=\"https:\/\/scholar.google.com\/citations?hl=pt-PT&amp;view_op=list_works&amp;gmla=AJsN-F4sdjMQZlw0RKOVs4hsY4164Io-DVZg--DqYWRwR5PDk-mjQC9p5qmqdyvjyIfdopMbDDYj_GLXsX_BiPXYNtU-FVlW-MNO0QzlobD1KMYCLkYbTqM&amp;user=xNkg0mwAAAAJ\">Google Scholar<\/a> | <a href=\"https:\/\/www.researchgate.net\/profile\/Joao_P_Romero\">Research Gate<\/a> | <a href=\"https:\/\/twitter.com\/Joao_P_Romero\">Twitter<\/a> | <a href=\"https:\/\/www.instagram.com\/joao_p_romero\/?hl=pt-br\">Instagram<\/a><\/p>\n","protected":false},"excerpt":{"rendered":"<p>Professor Associado do Departamento de Economia da UFMG e do Centro de Desenvolvimento e Planejamento Regional (Cedeplar). Ele tamb\u00e9m \u00e9 membro associado do Centro de Cambridge para Pol\u00edticas P\u00fablicas e Econ\u00f4micas (CCEPP), coordenador do Grupo de Pesquisa em Pol\u00edticas P\u00fablicas e Desenvolvimento (GPPD) e Editor assistente da Nova Economia. Ele possui\u00a0 Ph.D. em economia aplicada &hellip; <a href=\"https:\/\/docentes.face.ufmg.br\/jpromero\/pt\/inicio\/\" class=\"more-link\">Continuar lendo <span class=\"screen-reader-text\">In\u00edcio<\/span><\/a><\/p>\n","protected":false},"author":43,"featured_media":0,"parent":0,"menu_order":0,"comment_status":"closed","ping_status":"closed","template":"","meta":{"_crdt_document":"","_exactmetrics_skip_tracking":false,"_exactmetrics_sitenote_active":false,"_exactmetrics_sitenote_note":"","_exactmetrics_sitenote_category":0,"footnotes":""},"class_list":["post-169","page","type-page","status-publish","hentry"],"_links":{"self":[{"href":"https:\/\/docentes.face.ufmg.br\/jpromero\/wp-json\/wp\/v2\/pages\/169","targetHints":{"allow":["GET"]}}],"collection":[{"href":"https:\/\/docentes.face.ufmg.br\/jpromero\/wp-json\/wp\/v2\/pages"}],"about":[{"href":"https:\/\/docentes.face.ufmg.br\/jpromero\/wp-json\/wp\/v2\/types\/page"}],"author":[{"embeddable":true,"href":"https:\/\/docentes.face.ufmg.br\/jpromero\/wp-json\/wp\/v2\/users\/43"}],"replies":[{"embeddable":true,"href":"https:\/\/docentes.face.ufmg.br\/jpromero\/wp-json\/wp\/v2\/comments?post=169"}],"version-history":[{"count":9,"href":"https:\/\/docentes.face.ufmg.br\/jpromero\/wp-json\/wp\/v2\/pages\/169\/revisions"}],"predecessor-version":[{"id":287,"href":"https:\/\/docentes.face.ufmg.br\/jpromero\/wp-json\/wp\/v2\/pages\/169\/revisions\/287"}],"wp:attachment":[{"href":"https:\/\/docentes.face.ufmg.br\/jpromero\/wp-json\/wp\/v2\/media?parent=169"}],"curies":[{"name":"wp","href":"https:\/\/api.w.org\/{rel}","templated":true}]}}