{"id":328,"date":"2019-12-29T22:20:58","date_gmt":"2019-12-30T01:20:58","guid":{"rendered":"http:\/\/docentes.face.ufmg.br\/gustavo\/?page_id=328"},"modified":"2019-12-29T23:47:28","modified_gmt":"2019-12-30T02:47:28","slug":"contact","status":"publish","type":"page","link":"https:\/\/docentes.face.ufmg.br\/gustavo\/en\/contact\/","title":{"rendered":"Contact"},"content":{"rendered":"<p style=\"text-align: left\">|<a href=\"https:\/\/scholar.google.com.br\/citations?user=smEbMV0AAAAJ&amp;hl=pt-BR\">Google Scholar<\/a>|<a href=\"https:\/\/ideas.repec.org\/f\/pbr276.html\">RePEc<\/a>\u00a0|<a href=\"https:\/\/www.researchgate.net\/profile\/Gustavo_Britto\">ResearchGate<\/a>|<a href=\"https:\/\/orcid.org\/0000-0002-5285-3684\">ORCID<\/a>|<a href=\"https:\/\/publons.com\/researcher\/2242838\/gustavo-britto\/\">Publons-Web-of-Science<\/a>|<a href=\"http:\/\/lattes.cnpq.br\/5668137663316742\">Lattes<\/a>|<\/p>\n<hr \/>\n<p>\u2192 <a href=\"https:\/\/cedeplar.ufmg.br\/contatos\/professores\/gustavo-britto\">Send an e-mail to Gustavo Britto<\/a><\/p>\n<hr \/>\n<p><strong>Correspondence address:<\/strong><br \/>Universidade Federal de Minas Gerais<br \/>Faculdade de Ci\u00eancias Econ\u00f4micas<br \/>Centro de Desenvolvimento e Planejamento Regional<br \/>Avenida Presidente Ant\u00f4nio Carlos, 6627<br \/>Campus Pampulha &#8211; Belo Horizonte &#8211; MG<br \/>CEP: 31270-901<br \/>Brazil<\/p>\n<p style=\"text-align: center\">\u00a0<\/p>\n\n\n<p class=\"wp-block-paragraph\"><\/p>\n","protected":false},"excerpt":{"rendered":"<p>|Google Scholar|RePEc\u00a0|ResearchGate|ORCID|Publons-Web-of-Science|Lattes| \u2192 Send an e-mail to Gustavo Britto Correspondence address:Universidade Federal de Minas GeraisFaculdade de Ci\u00eancias Econ\u00f4micasCentro de Desenvolvimento e Planejamento RegionalAvenida Presidente Ant\u00f4nio Carlos, 6627Campus Pampulha &#8211; Belo Horizonte &#8211; MGCEP: 31270-901Brazil \u00a0<\/p>\n","protected":false},"author":12,"featured_media":0,"parent":0,"menu_order":6,"comment_status":"closed","ping_status":"closed","template":"","meta":{"_crdt_document":"","_exactmetrics_skip_tracking":false,"_exactmetrics_sitenote_active":false,"_exactmetrics_sitenote_note":"","_exactmetrics_sitenote_category":0,"footnotes":""},"class_list":["post-328","page","type-page","status-publish","hentry"],"_links":{"self":[{"href":"https:\/\/docentes.face.ufmg.br\/gustavo\/wp-json\/wp\/v2\/pages\/328","targetHints":{"allow":["GET"]}}],"collection":[{"href":"https:\/\/docentes.face.ufmg.br\/gustavo\/wp-json\/wp\/v2\/pages"}],"about":[{"href":"https:\/\/docentes.face.ufmg.br\/gustavo\/wp-json\/wp\/v2\/types\/page"}],"author":[{"embeddable":true,"href":"https:\/\/docentes.face.ufmg.br\/gustavo\/wp-json\/wp\/v2\/users\/12"}],"replies":[{"embeddable":true,"href":"https:\/\/docentes.face.ufmg.br\/gustavo\/wp-json\/wp\/v2\/comments?post=328"}],"version-history":[{"count":6,"href":"https:\/\/docentes.face.ufmg.br\/gustavo\/wp-json\/wp\/v2\/pages\/328\/revisions"}],"predecessor-version":[{"id":357,"href":"https:\/\/docentes.face.ufmg.br\/gustavo\/wp-json\/wp\/v2\/pages\/328\/revisions\/357"}],"wp:attachment":[{"href":"https:\/\/docentes.face.ufmg.br\/gustavo\/wp-json\/wp\/v2\/media?parent=328"}],"curies":[{"name":"wp","href":"https:\/\/api.w.org\/{rel}","templated":true}]}}