{"id":24,"date":"2016-06-09T14:33:03","date_gmt":"2016-06-09T17:33:03","guid":{"rendered":"http:\/\/docentes.face.ufmg.br\/john-doe\/?page_id=24"},"modified":"2021-02-11T10:24:55","modified_gmt":"2021-02-11T13:24:55","slug":"premios","status":"publish","type":"page","link":"https:\/\/docentes.face.ufmg.br\/fjmissio\/premios\/","title":{"rendered":"Awards"},"content":{"rendered":"<ul>\n<li> 2013 &#8211; Pr\u00eamio Capes de Tese 2013, CAPES.<\/li>\n<li> 2013 &#8211; Pr\u00eamio UFMG de Teses, UFMG.<\/li>\n<li> 2013 &#8211; 2\u00ba lugar no 33\u00ba Pr\u00eamio BNDES de Economia (Categoria Tese de Doutorado), BNDES.<\/li>\n<li> 2013 &#8211; 2\u00ba lugar no Pr\u00eamio Minist\u00e9rio da Fazenda de Economia &#8211; 2013 (\u00e1rea Economia Internacional)., Minist\u00e9rio da Fazenda.<\/li>\n<\/ul>\n","protected":false},"excerpt":{"rendered":"<p>2013 &#8211; Pr\u00eamio Capes de Tese 2013, CAPES. 2013 &#8211; Pr\u00eamio UFMG de Teses, UFMG. 2013 &#8211; 2\u00ba lugar no 33\u00ba Pr\u00eamio BNDES de Economia (Categoria Tese de Doutorado), BNDES. 2013 &#8211; 2\u00ba lugar no Pr\u00eamio Minist\u00e9rio da Fazenda de Economia &#8211; 2013 (\u00e1rea Economia Internacional)., Minist\u00e9rio da Fazenda.<\/p>\n","protected":false},"author":1,"featured_media":0,"parent":0,"menu_order":0,"comment_status":"closed","ping_status":"closed","template":"","meta":{"_crdt_document":"","_exactmetrics_skip_tracking":false,"_exactmetrics_sitenote_active":false,"_exactmetrics_sitenote_note":"","_exactmetrics_sitenote_category":0,"footnotes":""},"class_list":["post-24","page","type-page","status-publish","hentry"],"_links":{"self":[{"href":"https:\/\/docentes.face.ufmg.br\/fjmissio\/wp-json\/wp\/v2\/pages\/24","targetHints":{"allow":["GET"]}}],"collection":[{"href":"https:\/\/docentes.face.ufmg.br\/fjmissio\/wp-json\/wp\/v2\/pages"}],"about":[{"href":"https:\/\/docentes.face.ufmg.br\/fjmissio\/wp-json\/wp\/v2\/types\/page"}],"author":[{"embeddable":true,"href":"https:\/\/docentes.face.ufmg.br\/fjmissio\/wp-json\/wp\/v2\/users\/1"}],"replies":[{"embeddable":true,"href":"https:\/\/docentes.face.ufmg.br\/fjmissio\/wp-json\/wp\/v2\/comments?post=24"}],"version-history":[{"count":6,"href":"https:\/\/docentes.face.ufmg.br\/fjmissio\/wp-json\/wp\/v2\/pages\/24\/revisions"}],"predecessor-version":[{"id":392,"href":"https:\/\/docentes.face.ufmg.br\/fjmissio\/wp-json\/wp\/v2\/pages\/24\/revisions\/392"}],"wp:attachment":[{"href":"https:\/\/docentes.face.ufmg.br\/fjmissio\/wp-json\/wp\/v2\/media?parent=24"}],"curies":[{"name":"wp","href":"https:\/\/api.w.org\/{rel}","templated":true}]}}

<ul>
<li> 2013 &#8211; Prêmio Capes de Tese 2013, CAPES.</li>
<li> 2013 &#8211; Prêmio UFMG de Teses, UFMG.</li>
<li> 2013 &#8211; 2º lugar no 33º Prêmio BNDES de Economia (Categoria Tese de Doutorado), BNDES.</li>
<li> 2013 &#8211; 2º lugar no Prêmio Ministério da Fazenda de Economia &#8211; 2013 (área Economia Internacional)., Ministério da Fazenda.</li>
</ul>

<p>2013 &#8211; Prêmio Capes de Tese 2013, CAPES. 2013 &#8211; Prêmio UFMG de Teses, UFMG. 2013 &#8211; 2º lugar no 33º Prêmio BNDES de Economia (Categoria Tese de Doutorado), BNDES. 2013 &#8211; 2º lugar no Prêmio Ministério da Fazenda de Economia &#8211; 2013 (área Economia Internacional)., Ministério da Fazenda.</p>
