{"id":28,"date":"2016-06-09T14:40:27","date_gmt":"2016-06-09T17:40:27","guid":{"rendered":"http:\/\/docentes.face.ufmg.br\/john-doe\/?page_id=28"},"modified":"2017-01-11T15:25:46","modified_gmt":"2017-01-11T17:25:46","slug":"producao-bibliografica","status":"publish","type":"page","link":"https:\/\/docentes.face.ufmg.br\/default\/producao-bibliografica\/","title":{"rendered":"Produ\u00e7\u00e3o bibliogr\u00e1fica"},"content":{"rendered":"<h5>Artigos relevantes<\/h5>\n<ol>\n<li>CONTRI, A. L. ; PORSSE, A. A. . Estrutura e evolu\u00e7\u00e3o do PIB dos munic\u00edpios ga\u00fachos: 1999-03. Indicadores Econ\u00f4micos FEE (Impresso), Porto Alegre, v. 33, n.4, p. 115-130, 2006.<\/li>\n<li>Luiz Kerhle ; PORSSE, A. A. . Emprego regional e nacional: uma an\u00e1lise da persist\u00eancia dos choques nas s\u00e9ries brasileiras. Revista Econ\u00f4mica do Nordeste, v. 31, p. 718-737, 2000.<\/li>\n<li>PORSSE, A. A.; MOUTINHO, L. M. G. . Mudan\u00e7a estrutural na rela\u00e7\u00e3o entre emprego e produ\u00e7\u00e3o no setor automobil\u00edstico. Revista Econ\u00f4mica do Nordeste, Fortaleza, v. 30, p. 494-503, 1999.<\/li>\n<li>PORSSE, A. A.. Tecnologia e emprego na ind\u00fastria automobil\u00edstica: evid\u00eancias emp\u00edricas. Revista Paranaense de Desenvolvimento, Curitiba, p. 69-86, 1999.<\/li>\n<li>GUIMARAES NETO, L. ; PORSSE, A. A. ; SOARES, M. C. . Descentraliza\u00e7\u00e3o e finan\u00e7as municipais no Brasil: uma an\u00e1lise regional da gest\u00e3o dos recursos. Revista Econ\u00f4mica do Nordeste, v. 30, p. 652-666, 1999.<\/li>\n<li>ORSSE, A. A.. As implica\u00e7\u00f5es do avan\u00e7o tecnol\u00f3gico sobre o emprego: uma avalia\u00e7\u00e3o da ind\u00fastria automobil\u00edstica nacional e mundial. A Economia em Revista, Maring\u00e1, v. 5, p. 45-74, 1997.<\/li>\n<\/ol>\n<h5>CAP\u00cdTULOS DE LIVROS<\/h5>\n<ol>\n<li>CONTRI, A. L. ; PORSSE, A. A. . Estrutura e evolu\u00e7\u00e3o do PIB dos munic\u00edpios ga\u00fachos: 1999-03. Indicadores Econ\u00f4micos FEE (Impresso), Porto Alegre, v. 33, n.4, p. 115-130, 2006.<\/li>\n<li>Luiz Kerhle ; PORSSE, A. A. . Emprego regional e nacional: uma an\u00e1lise da persist\u00eancia dos choques nas s\u00e9ries brasileiras. Revista Econ\u00f4mica do Nordeste, v. 31, p. 718-737, 2000.<\/li>\n<li>PORSSE, A. A.; MOUTINHO, L. M. G. . Mudan\u00e7a estrutural na rela\u00e7\u00e3o entre emprego e produ\u00e7\u00e3o no setor automobil\u00edstico. Revista Econ\u00f4mica do Nordeste, Fortaleza, v. 30, p. 494-503, 1999.<\/li>\n<\/ol>\n<h5>Resumos publicados em anais de congressos<\/h5>\n<ol>\n<li>PORSSE, A. A.. Systemic Impact of Higher Education in a Developing Country: a methodological framework using CGE models. In: 55th ERSA Congress &#8211; World Renaissance: Changing roles for people and places, 2015, Lisboa. 55th ERSA Congress &#8211; World Renaissance: Changing roles for people and places, 2015.<\/li>\n<li>PORSSE, A. A.. Ciclos e tend\u00eancias no emprego do Brasil: testes de ra\u00edzes unit\u00e1rias segmentados (1986-1997). In: XXVII Encontro Nacional de Economia, 1999, Bel\u00e9m-PA. Anais &#8211; XXVII Encontro Nacional de Economia, 1999. v. III. p. 2133-2133.<\/li>\n<\/ol>\n<h5>Artigos aceitos para publica\u00e7\u00e3o<\/h5>\n<ol>\n<li>SILVA, E. R. H. ; PORSSE, A. A. . ESFOR\u00c7O TRIBUT\u00c1RIO E INTERA\u00c7\u00c3O ESTRAT\u00c9GICA DOS GOVERNOS MUNICIPAIS: UMA AN\u00c1LISE COM MODELOS GEOGRAFICAMENTE PONDERADOS. Revista Econ\u00f4mica do Nordeste, 2016.<\/li>\n<li>BOUCHARDET, D. A. ; PORSSE, A. A. . Analyzing the Spatial Dynamics of Deforestation in Brazilian Amazon. Geographical Analysis, 2016.<\/li>\n<li>SASS, K. S. ; PORSSE, A. A. . Determinantes das taxas de crimes no Paran\u00e1: uma abordagem espacial. Revista Brasileira de Estudos Regionais e Urbanos, 2016.<\/li>\n<li>DIAS, F. T. ; PORSSE, A. A. . Converg\u00eancia de renda nos munic\u00edpios Paranaenses no per\u00edodo 2000-2010: uma abordagem de econometria espacial. Ensaios FEE (Impresso), 2016.<\/li>\n<\/ol>\n","protected":false},"excerpt":{"rendered":"<p>Artigos relevantes CONTRI, A. L. ; PORSSE, A. A. . Estrutura e evolu\u00e7\u00e3o do PIB dos munic\u00edpios ga\u00fachos: 1999-03. Indicadores Econ\u00f4micos FEE (Impresso), Porto Alegre, v. 33, n.4, p. 115-130, 2006. Luiz Kerhle ; PORSSE, A. A. . Emprego regional e nacional: uma an\u00e1lise da persist\u00eancia dos choques nas s\u00e9ries brasileiras. Revista Econ\u00f4mica do Nordeste, &hellip; <a href=\"https:\/\/docentes.face.ufmg.br\/default\/producao-bibliografica\/\" class=\"more-link\">Continuar lendo <span class=\"screen-reader-text\">Produ\u00e7\u00e3o bibliogr\u00e1fica<\/span><\/a><\/p>\n","protected":false},"author":1,"featured_media":0,"parent":0,"menu_order":0,"comment_status":"closed","ping_status":"closed","template":"","meta":{"_crdt_document":"","_exactmetrics_skip_tracking":false,"_exactmetrics_sitenote_active":false,"_exactmetrics_sitenote_note":"","_exactmetrics_sitenote_category":0,"footnotes":""},"class_list":["post-28","page","type-page","status-publish","hentry"],"_links":{"self":[{"href":"https:\/\/docentes.face.ufmg.br\/default\/wp-json\/wp\/v2\/pages\/28","targetHints":{"allow":["GET"]}}],"collection":[{"href":"https:\/\/docentes.face.ufmg.br\/default\/wp-json\/wp\/v2\/pages"}],"about":[{"href":"https:\/\/docentes.face.ufmg.br\/default\/wp-json\/wp\/v2\/types\/page"}],"author":[{"embeddable":true,"href":"https:\/\/docentes.face.ufmg.br\/default\/wp-json\/wp\/v2\/users\/1"}],"replies":[{"embeddable":true,"href":"https:\/\/docentes.face.ufmg.br\/default\/wp-json\/wp\/v2\/comments?post=28"}],"version-history":[{"count":4,"href":"https:\/\/docentes.face.ufmg.br\/default\/wp-json\/wp\/v2\/pages\/28\/revisions"}],"predecessor-version":[{"id":33,"href":"https:\/\/docentes.face.ufmg.br\/default\/wp-json\/wp\/v2\/pages\/28\/revisions\/33"}],"wp:attachment":[{"href":"https:\/\/docentes.face.ufmg.br\/default\/wp-json\/wp\/v2\/media?parent=28"}],"curies":[{"name":"wp","href":"https:\/\/api.w.org\/{rel}","templated":true}]}}