{"id":244,"date":"2020-04-28T17:07:30","date_gmt":"2020-04-28T20:07:30","guid":{"rendered":"http:\/\/docentes.face.ufmg.br\/atmc\/?page_id=244"},"modified":"2020-04-28T17:07:32","modified_gmt":"2020-04-28T20:07:32","slug":"administrative-activities","status":"publish","type":"page","link":"https:\/\/docentes.face.ufmg.br\/atmc\/administrative-activities\/","title":{"rendered":"Administrative Activities"},"content":{"rendered":"<p>The professional activities of lecturers and professors working exclusively at UFMG include teaching, research, extension and administrative activities.<br \/>\nBelow is a list of the main university administration activities carried out by Anderson Cavalcante at UFMG since 2014.<\/p>\n<p>2019 &#8211; Current<br \/>\nMember, Fiscal Council of the Funda\u00e7\u00e3o Instituto de Pesquisas Econ\u00f4micas Administrativas e Cont\u00e1beis, IPEAD [Institute for Economic and Administrative Research and Accounting, IPEAD]<\/p>\n<p>2018 &#8211; Current<br \/>\nMember, Advisory Council ENADE &#8211;&nbsp; Instituto Nacional de Estudos e Pesquisas Educacionais An\u00edsio Teixeira [National Institute of Educational Studies and Research An\u00edsio Teixeira]<\/p>\n<p>2017 &#8211; Current<br \/>\nEditor, Brazilian Keynesian Review&nbsp; (Brazilian Keynesian Association)<\/p>\n<p>2016 &#8211; Current<br \/>\nCoordinator, Board of the Undergraduate Course in Economics, FACE\/UFMG<br \/>\nMember, Board of the Department of Economics, FACE\/UFMG<br \/>\nMember, Congregation of the Faculty of Economics, FACE\/UFMG<\/p>\n<p>2015 &#8211; Current<br \/>\nPresident, Board of Councils for the Economics Course, FACE\/UFMG<\/p>\n<p>2016<br \/>\nMember of the Scientific Committee (Economics) of the <a href=\"https:\/\/diamantina.cedeplar.ufmg.br\/2016\/\">XVII Diamantina Seminar<\/a>, Cedeplar\/UFMG<br \/>\nMember of the Scientific Committee of the 44th National Meeting of the Brazilian Assocation of Graduate Programs in Economics &#8211; ANPEC<\/p>\n<p>2015 &#8211; 2016<br \/>\nCoordinator, Graduate Seminars in Economics at Cedeplar\/UFMG<br \/>\nCo-editor, Brazilian Keynesian Review (Brazilian Keynesian Association)<\/p>\n<p>2015<br \/>\nMember of the Scientific Committee of the 21st Regional Meeting of the Brazilian Assocation of Graduate Programs in Economics &#8211; ANPEC\/Nordeste<\/p>\n<p>2014 -2016<br \/>\nSubcoordinator Board of the Undergraduate Course in Economics, FACE\/UFMG<\/p>\n<p>2014<br \/>\nMember of the Scientific Committee (Economics) of the <a href=\"https:\/\/diamantina.cedeplar.ufmg.br\/portal\/diamantina-2014\/\">XVI Diamantina Seminar<\/a>, Cedeplar\/UFMG<\/p>\n","protected":false},"excerpt":{"rendered":"<p>The professional activities of lecturers and professors working exclusively at UFMG include teaching, research, extension and administrative activities. Below is a list of the main university administration activities carried out by Anderson Cavalcante at UFMG since 2014. 2019 &#8211; Current Member, Fiscal Council of the Funda\u00e7\u00e3o Instituto de Pesquisas Econ\u00f4micas Administrativas e Cont\u00e1beis, IPEAD [Institute &hellip; <a href=\"https:\/\/docentes.face.ufmg.br\/atmc\/administrative-activities\/\" class=\"more-link\">Continuar lendo <span class=\"screen-reader-text\">Administrative Activities<\/span><\/a><\/p>\n","protected":false},"author":58,"featured_media":0,"parent":0,"menu_order":0,"comment_status":"closed","ping_status":"closed","template":"","meta":{"_crdt_document":"","_exactmetrics_skip_tracking":false,"_exactmetrics_sitenote_active":false,"_exactmetrics_sitenote_note":"","_exactmetrics_sitenote_category":0,"footnotes":""},"class_list":["post-244","page","type-page","status-publish","hentry"],"_links":{"self":[{"href":"https:\/\/docentes.face.ufmg.br\/atmc\/wp-json\/wp\/v2\/pages\/244","targetHints":{"allow":["GET"]}}],"collection":[{"href":"https:\/\/docentes.face.ufmg.br\/atmc\/wp-json\/wp\/v2\/pages"}],"about":[{"href":"https:\/\/docentes.face.ufmg.br\/atmc\/wp-json\/wp\/v2\/types\/page"}],"author":[{"embeddable":true,"href":"https:\/\/docentes.face.ufmg.br\/atmc\/wp-json\/wp\/v2\/users\/58"}],"replies":[{"embeddable":true,"href":"https:\/\/docentes.face.ufmg.br\/atmc\/wp-json\/wp\/v2\/comments?post=244"}],"version-history":[{"count":2,"href":"https:\/\/docentes.face.ufmg.br\/atmc\/wp-json\/wp\/v2\/pages\/244\/revisions"}],"predecessor-version":[{"id":247,"href":"https:\/\/docentes.face.ufmg.br\/atmc\/wp-json\/wp\/v2\/pages\/244\/revisions\/247"}],"wp:attachment":[{"href":"https:\/\/docentes.face.ufmg.br\/atmc\/wp-json\/wp\/v2\/media?parent=244"}],"curies":[{"name":"wp","href":"https:\/\/api.w.org\/{rel}","templated":true}]}}