{"id":11,"date":"2016-06-09T14:21:05","date_gmt":"2016-06-09T17:21:05","guid":{"rendered":"http:\/\/docentes.face.ufmg.br\/john-doe\/?page_id=11"},"modified":"2020-04-24T20:23:57","modified_gmt":"2020-04-24T23:23:57","slug":"formacao","status":"publish","type":"page","link":"https:\/\/docentes.face.ufmg.br\/atmc\/pt\/formacao\/","title":{"rendered":"Forma\u00e7\u00e3o"},"content":{"rendered":"<p>|<a href=\"http:\/\/lattes.cnpq.br\/6409622356433401\">Lattes<\/a>|<a href=\"https:\/\/scholar.google.com.br\/citations?user=x0plgBgAAAAJ&amp;hl=en\">Google Scholar<\/a>|<a href=\"https:\/\/authors.repec.org\/pro\/pca1465\/\">RePEc<\/a>|<a href=\"https:\/\/www.researchgate.net\/profile\/Anderson_Cavalcante\">ResearchGate<\/a>|<a href=\"https:\/\/orcid.org\/0000-0002-0700-5993\">ORCID<\/a>|<a href=\"http:\/\/somos.ufmg.br\/professor\/anderson-tadeu-marques-cavalcante\">Som\u2295s UFMG<\/a>|<\/p>\n<hr \/>\n<p>A forma\u00e7\u00e3o acad\u00eamica detalhada teve apoio de programas federais de fomento \u00e0 pesquisa e \u00e0 forma\u00e7\u00e3o e aperfei\u00e7oamento de pessoal de ensino superior.<br \/>\nOs programas de doutorado pleno no exterior e de mestrado foram viabilizados com suporte de bolsa de estudos da Coordena\u00e7\u00e3o de Aperfei\u00e7oamento de Pessoal de N\u00edvel Superior (CAPES). A gradua\u00e7\u00e3o teve apoio parcial da Pr\u00f3-reitoria de Pesquisa e do Conselho Nacional de Desenvolvimento Cient\u00edfico e Tecnol\u00f3gico (CNPq).<br \/>\nAl\u00e9m do suporte material, todas as etapas dependeram fundamentalmente do trabalho dos servidores dessas institui\u00e7\u00f5es.<\/p>\n<hr \/>\n<h5>2012-2014 &#8211; P\u00f3s-Doutorado em Economia<\/h5>\n<p><strong>CEDEPLAR, Universidade Federal de Minas Gerais<\/strong>, Brasil.<br \/>\n<strong>T\u00edtulo: <\/strong><em>Efeitos Regionais da Polarizac\u00e3o Financeira no Brasil<\/em><strong><br \/>\nOrientador: <\/strong>Marco Aur\u00e9lio Crocco Afonso<br \/>\n<strong>Palavras-chave:<\/strong> Regi\u00f5es; Sistema Financeiro; Polariza\u00e7\u00e3o.<\/p>\n<hr \/>\n<h5>2007-2012 &#8211; Doutorado em Economia<\/h5>\n<p><strong>Land Economy Department, University of Cambridge<\/strong>, Reino Unido.<br \/>\n<strong>T\u00edtulo: <\/strong><em><a href=\"http:\/\/idiscover.lib.cam.ac.uk\/permalink\/f\/t9gok8\/44CAM_ALMA21429571980003606\">Regional financial development and economic growth<\/a><\/em><strong><br \/>\nOrientador: <\/strong>Philip Arestis<br \/>\n<strong>Palavras-chave:<\/strong> Regi\u00f5es; Desenvolvimento; Sistema Financeiro; Polariza\u00e7\u00e3o; Concentra\u00e7\u00e3o; Centraliza\u00e7\u00e3o<\/p>\n<hr \/>\n<h5>2004-2006 &#8211; Mestrado em Economia<\/h5>\n<p><strong>CEDEPLAR, Universidade Federal de Minas Gerais<\/strong>, Brasil.<br \/>\n<strong>T\u00edtulo: <\/strong><a href=\"https:\/\/cedeplar.ufmg.br\/publicacoes\/teses-e-dissertacoes\/dissertacoes-economia\/category\/70-economia-dissertacoes-2006?download=943:anderson-tadeu-marques-cavalcante\"><em>Financiamento e Desenvolvimento Local: um estudo sobre Arranjos Produtivos<\/em><\/a><br \/>\n<strong>Orientador:<\/strong> Marco Aur\u00e9lio Crocco Afonso.<br \/>\n<strong>Palavras-chave:<\/strong> Financiamento local; aglomera\u00e7\u00f5es produtivas locais; Sistema financeiro.<\/p>\n<hr \/>\n<h5>1998-2002 &#8211; Gradua\u00e7\u00e3o em Economia<\/h5>\n<p><strong>Universidade Federal de Minas Gerais<\/strong>, Brasil.<br \/>\n<strong>T\u00edtulo: <\/strong><em>Microcr\u00e9dito e pobreza: princ\u00edpios te\u00f3ricos e an\u00e1lise da realidade brasileira<\/em><br \/>\n<strong>Orientador:<\/strong> Marco Aur\u00e9lio Crocco Afonso.<br \/>\n<strong>Palavras-chave:<\/strong> Financiamento; Desenvolvimento; Pobreza.<\/p>\n<hr \/>\n","protected":false},"excerpt":{"rendered":"<p>|Lattes|Google Scholar|RePEc|ResearchGate|ORCID|Som\u2295s UFMG| A forma\u00e7\u00e3o acad\u00eamica detalhada teve apoio de programas federais de fomento \u00e0 pesquisa e \u00e0 forma\u00e7\u00e3o e aperfei\u00e7oamento de pessoal de ensino superior. Os programas de doutorado pleno no exterior e de mestrado foram viabilizados com suporte de bolsa de estudos da Coordena\u00e7\u00e3o de Aperfei\u00e7oamento de Pessoal de N\u00edvel Superior (CAPES). A &hellip; <a href=\"https:\/\/docentes.face.ufmg.br\/atmc\/pt\/formacao\/\" class=\"more-link\">Continuar lendo <span class=\"screen-reader-text\">Forma\u00e7\u00e3o<\/span><\/a><\/p>\n","protected":false},"author":1,"featured_media":0,"parent":0,"menu_order":0,"comment_status":"closed","ping_status":"closed","template":"","meta":{"_crdt_document":"","_exactmetrics_skip_tracking":false,"_exactmetrics_sitenote_active":false,"_exactmetrics_sitenote_note":"","_exactmetrics_sitenote_category":0,"footnotes":""},"class_list":["post-11","page","type-page","status-publish","hentry"],"_links":{"self":[{"href":"https:\/\/docentes.face.ufmg.br\/atmc\/wp-json\/wp\/v2\/pages\/11","targetHints":{"allow":["GET"]}}],"collection":[{"href":"https:\/\/docentes.face.ufmg.br\/atmc\/wp-json\/wp\/v2\/pages"}],"about":[{"href":"https:\/\/docentes.face.ufmg.br\/atmc\/wp-json\/wp\/v2\/types\/page"}],"author":[{"embeddable":true,"href":"https:\/\/docentes.face.ufmg.br\/atmc\/wp-json\/wp\/v2\/users\/1"}],"replies":[{"embeddable":true,"href":"https:\/\/docentes.face.ufmg.br\/atmc\/wp-json\/wp\/v2\/comments?post=11"}],"version-history":[{"count":12,"href":"https:\/\/docentes.face.ufmg.br\/atmc\/wp-json\/wp\/v2\/pages\/11\/revisions"}],"predecessor-version":[{"id":214,"href":"https:\/\/docentes.face.ufmg.br\/atmc\/wp-json\/wp\/v2\/pages\/11\/revisions\/214"}],"wp:attachment":[{"href":"https:\/\/docentes.face.ufmg.br\/atmc\/wp-json\/wp\/v2\/media?parent=11"}],"curies":[{"name":"wp","href":"https:\/\/api.w.org\/{rel}","templated":true}]}}