{"id":28,"date":"2016-06-09T14:40:27","date_gmt":"2016-06-09T17:40:27","guid":{"rendered":"http:\/\/docentes.face.ufmg.br\/john-doe\/?page_id=28"},"modified":"2017-03-17T16:10:47","modified_gmt":"2017-03-17T19:10:47","slug":"producao-bibliografica","status":"publish","type":"page","link":"https:\/\/docentes.face.ufmg.br\/albuquer\/producao-bibliografica\/","title":{"rendered":"Produ\u00e7\u00e3o bibliogr\u00e1fica"},"content":{"rendered":"<h5>Livros<\/h5>\n<ol>\n<li><b>ALBUQUERQUE, E. M.\u00a0<\/b><a href=\"http:\/\/www.editoraufmg.com.br\/pages\/obra\/135\/agenda-rosdolsky\">Agenda Rosdolsky. 1. ed. Belo Horizonte: Editora UFMG, 2012. v. 1. 265p <\/a>.<\/li>\n<li><b>ALBUQUERQUE, E. M. , SUZIGAN, W.; KRUSS, G.; LEE, K. (org)\u00a0<\/b><a href=\"https:\/\/www.idrc.ca\/en\/book\/developing-national-systems-innovation-university-industry-interactions-global-south\">Developing National Systems of Innovation. 1. ed. Cheltenham\/Ottawa: Edward Elgar Publishing, 2015. v. 1. 320p<\/a><\/li>\n<li>\n<div class=\"layout-cell-pad-5\"><b>ALBUQUERQUE, E. M.<\/b> <a href=\"https:\/\/www.researchgate.net\/publication\/310166145_Invencoes_Mutacoes_Habermas_Offe_Arrow_e_As_Consequencias_Contemporaneas_do_Progresso_Cientifico-Tecnologico?ev=prf_pub\">Inven\u00e7\u00f5es, Muta\u00e7\u00f5es: Habermas, Offe, Arrow e As Consequ\u00eancias Contempor\u00e2neas do Progresso Cient\u00edfico-Tecnol\u00f3gico. 1. ed. Belo Horizonte: Editora da UNA, 1996. 207p<\/a><\/div>\n<\/li>\n<li>\n<div class=\"layout-cell-pad-5\"><b>ALBUQUERQUE, E. M.<\/b> <a href=\"https:\/\/www.researchgate.net\/publication\/310425780_A_foice_e_o_robo_as_inovacoes_tecnologicas_e_a_luta_operaria?ev=prf_pub\">A foice e o rob\u00f4: as inova\u00e7\u00f5es tecnol\u00f3gicas e a luta oper\u00e1ria. 1. ed. S\u00e3o Paulo: P\u00e1gina Sete, 1990. v. 1. 338p<\/a><\/div>\n<\/li>\n<\/ol>\n<h5>Artigos<\/h5>\n<ol>\n<li><strong>RIBEIRO, L. C.; DEUS, L. G.; LOUREIRO, P. M.; <\/strong><b>ALBUQUERQUE, E. M.<\/b>\u00a0 Profits and Fractal Properties: notes on Marx, Countertendencies and Simulation Models. Review of Political Economy, v. online, p. 1-25, 2017<\/li>\n<li><b>ALBUQUERQUE, E. M.\u00a0<\/b>Inadequacy of technology and innovation systems at the periphery. Cambridge Journal of Economics, v. 31, p. 669-690, 2007<\/li>\n<li><b>ALBUQUERQUE, E. M.\u00a0<\/b>Visible seeds of socialism and metamorphoses of capitalism: socialism after Rosdolsky. Cambridge Journal of Economics, v. 39, p. 783-805, 2015<\/li>\n<li><b>PAULA, J. A.; CERQUEIRA, H. E. G,; DEUS, L. G.; SUPRINYAK, C. E.; ALBUQUERQUE, E. M.\u00a0<\/b>Investigating Financial Innovation and Stock Exchanges. Marx`s Notebooks on the crisis of 1866 and structural changes in capitalism. Beitr\u00e4ge zur Marx-Engels-Forschung, v. 2014\/5, p. 194-217, 2016<\/li>\n<li><b>RIBEIRO, L. C.; KRUSS, G.; BRITTO, G.; BERNARDES, A. T.; ALBUQUERQUE, E. M.\u00a0<\/b>A methodology for unveiling global innovation networks: patent citations as clues to cross border knowledge flows. Scientometrics (Print), v. 101, p. 61-83, 2014<\/li>\n<\/ol>\n<h5><\/h5>\n","protected":false},"excerpt":{"rendered":"<p>Livros ALBUQUERQUE, E. M.\u00a0Agenda Rosdolsky. 1. ed. Belo Horizonte: Editora UFMG, 2012. v. 1. 265p . ALBUQUERQUE, E. M. , SUZIGAN, W.; KRUSS, G.; LEE, K. (org)\u00a0Developing National Systems of Innovation. 1. ed. Cheltenham\/Ottawa: Edward Elgar Publishing, 2015. v. 1. 320p ALBUQUERQUE, E. M. Inven\u00e7\u00f5es, Muta\u00e7\u00f5es: Habermas, Offe, Arrow e As Consequ\u00eancias Contempor\u00e2neas do Progresso &hellip; <a href=\"https:\/\/docentes.face.ufmg.br\/albuquer\/producao-bibliografica\/\" class=\"more-link\">Continuar lendo <span class=\"screen-reader-text\">Produ\u00e7\u00e3o bibliogr\u00e1fica<\/span><\/a><\/p>\n","protected":false},"author":1,"featured_media":0,"parent":0,"menu_order":0,"comment_status":"closed","ping_status":"closed","template":"","meta":{"_crdt_document":"","_exactmetrics_skip_tracking":false,"_exactmetrics_sitenote_active":false,"_exactmetrics_sitenote_note":"","_exactmetrics_sitenote_category":0,"footnotes":""},"class_list":["post-28","page","type-page","status-publish","hentry"],"_links":{"self":[{"href":"https:\/\/docentes.face.ufmg.br\/albuquer\/wp-json\/wp\/v2\/pages\/28","targetHints":{"allow":["GET"]}}],"collection":[{"href":"https:\/\/docentes.face.ufmg.br\/albuquer\/wp-json\/wp\/v2\/pages"}],"about":[{"href":"https:\/\/docentes.face.ufmg.br\/albuquer\/wp-json\/wp\/v2\/types\/page"}],"author":[{"embeddable":true,"href":"https:\/\/docentes.face.ufmg.br\/albuquer\/wp-json\/wp\/v2\/users\/1"}],"replies":[{"embeddable":true,"href":"https:\/\/docentes.face.ufmg.br\/albuquer\/wp-json\/wp\/v2\/comments?post=28"}],"version-history":[{"count":23,"href":"https:\/\/docentes.face.ufmg.br\/albuquer\/wp-json\/wp\/v2\/pages\/28\/revisions"}],"predecessor-version":[{"id":121,"href":"https:\/\/docentes.face.ufmg.br\/albuquer\/wp-json\/wp\/v2\/pages\/28\/revisions\/121"}],"wp:attachment":[{"href":"https:\/\/docentes.face.ufmg.br\/albuquer\/wp-json\/wp\/v2\/media?parent=28"}],"curies":[{"name":"wp","href":"https:\/\/api.w.org\/{rel}","templated":true}]}}